{"id":503,"date":"2018-03-07T14:40:07","date_gmt":"2018-03-07T18:40:07","guid":{"rendered":"https:\/\/ubmusic-que.ca\/cms\/?page_id=503"},"modified":"2019-09-05T14:02:26","modified_gmt":"2019-09-05T17:02:26","slug":"evenements","status":"publish","type":"page","link":"https:\/\/ubmusic-que.ca\/fr\/evenements\/","title":{"rendered":"\u00c9v\u00e9nements"},"content":{"rendered":"<p>Nous animons un atelier &#8220;Chanter et Voclaiser pour le soin personel&#8221; le 20 septembre \u00e0 18h00 au 22 septembre, 2019 \u00e0 15h00.<br \/>\nVous pouvez <a href=\"https:\/\/www.eventbrite.ca\/e\/singing-and-vocalising-for-self-care-chanter-et-vocaliser-pour-le-soin-personnel-tickets-71673656837\" target=\"_blank\" rel=\"noopener noreferrer\"><img decoding=\"async\" src=\"https:\/\/www.eventbrite.ca\/custombutton?eid=44005758408\" alt=\"Eventbrite - Chanter et Vocaliser pour le soin personnel\"><\/a> pour r\u00e9server votre billet sur le site Eventbrite.<\/p>\n<div style=\"width:195px; text-align:center;\"><iframe loading=\"lazy\" src=\"https:\/\/www.eventbrite.ca\/calendar-widget?eid=44003990119\" marginheight=\"0\" marginwidth=\"0\" scrolling=\"no\" allowtransparency=\"true\" width=\"195\" height=\"361\" frameborder=\"0\"><\/iframe><\/p>\n<div style=\"font-family:Helvetica, Arial; font-size:12px; padding:10px 0 5px; margin:2px; width:195px; text-align:center;\"><a class=\"powered-by-eb\" style=\"color: #ADB0B6; text-decoration: none;\" target=\"_blank\" href=\"http:\/\/www.eventbrite.ca\/\" rel=\"noopener noreferrer\">Powered by Eventbrite<\/a><\/div>\n<\/div>\n<p><a href=\"https:\/\/ubmusic-que.ca\/cms\/wp-content\/uploads\/2019\/09\/Screen-Shot-2019-09-05-at-12.37.47-PM.png\" alt=\"\" class=\"alignnone size-medium wp-image-530\" width=\"232\" height=\"300\"><\/a><\/p>\n","protected":false},"excerpt":{"rendered":"<p>Nous animons un atelier &#8220;Chanter et Voclaiser pour le soin personel&#8221; le 20 septembre \u00e0 18h00 au 22 septembre, 2019 \u00e0 15h00. Vous pouvez pour r\u00e9server votre billet sur le site Eventbrite. Powered by Eventbrite<\/p>\n","protected":false},"author":1,"featured_media":0,"parent":0,"menu_order":0,"comment_status":"closed","ping_status":"closed","template":"","meta":{"om_disable_all_campaigns":false,"_monsterinsights_skip_tracking":false,"_monsterinsights_sitenote_active":false,"_monsterinsights_sitenote_note":"","_monsterinsights_sitenote_category":0,"footnotes":""},"class_list":["post-503","page","type-page","status-publish","hentry"],"aioseo_notices":[],"_links":{"self":[{"href":"https:\/\/ubmusic-que.ca\/fr\/wp-json\/wp\/v2\/pages\/503","targetHints":{"allow":["GET"]}}],"collection":[{"href":"https:\/\/ubmusic-que.ca\/fr\/wp-json\/wp\/v2\/pages"}],"about":[{"href":"https:\/\/ubmusic-que.ca\/fr\/wp-json\/wp\/v2\/types\/page"}],"author":[{"embeddable":true,"href":"https:\/\/ubmusic-que.ca\/fr\/wp-json\/wp\/v2\/users\/1"}],"replies":[{"embeddable":true,"href":"https:\/\/ubmusic-que.ca\/fr\/wp-json\/wp\/v2\/comments?post=503"}],"version-history":[{"count":19,"href":"https:\/\/ubmusic-que.ca\/fr\/wp-json\/wp\/v2\/pages\/503\/revisions"}],"predecessor-version":[{"id":722,"href":"https:\/\/ubmusic-que.ca\/fr\/wp-json\/wp\/v2\/pages\/503\/revisions\/722"}],"wp:attachment":[{"href":"https:\/\/ubmusic-que.ca\/fr\/wp-json\/wp\/v2\/media?parent=503"}],"curies":[{"name":"wp","href":"https:\/\/api.w.org\/{rel}","templated":true}]}}

Événements

<p>Nous animons un atelier &#8220;Chanter et Voclaiser pour le soin personel&#8221; le 20 septembre à 18h00 au 22 septembre, 2019 à 15h00.<br />
Vous pouvez <a href="https://www.eventbrite.ca/e/singing-and-vocalising-for-self-care-chanter-et-vocaliser-pour-le-soin-personnel-tickets-71673656837" target="_blank" rel="noopener noreferrer"><img decoding="async" src="https://www.eventbrite.ca/custombutton?eid=44005758408" alt="Eventbrite - Chanter et Vocaliser pour le soin personnel"></a> pour réserver votre billet sur le site Eventbrite.</p>
<div style="width:195px; text-align:center;"><iframe loading="lazy" src="https://www.eventbrite.ca/calendar-widget?eid=44003990119" marginheight="0" marginwidth="0" scrolling="no" allowtransparency="true" width="195" height="361" frameborder="0"></iframe></p>
<div style="font-family:Helvetica, Arial; font-size:12px; padding:10px 0 5px; margin:2px; width:195px; text-align:center;"><a class="powered-by-eb" style="color: #ADB0B6; text-decoration: none;" target="_blank" href="http://www.eventbrite.ca/" rel="noopener noreferrer">Powered by Eventbrite</a></div>
</div>
<p><a href="https://ubmusic-que.ca/cms/wp-content/uploads/2019/09/Screen-Shot-2019-09-05-at-12.37.47-PM.png" alt="" class="alignnone size-medium wp-image-530" width="232" height="300"></a></p>

<p>Nous animons un atelier &#8220;Chanter et Voclaiser pour le soin personel&#8221; le 20 septembre à 18h00 au 22 septembre, 2019 à 15h00. Vous pouvez pour réserver votre billet sur le site Eventbrite. Powered by Eventbrite</p>
